{"id":2784,"date":"2024-08-31T22:34:01","date_gmt":"2024-09-01T01:34:01","guid":{"rendered":"https:\/?page_id=2784"},"modified":"2024-10-12T20:45:36","modified_gmt":"2024-10-12T23:45:36","slug":"dicas-para-gestantes","status":"publish","type":"page","link":"https:\/\/megaofertacentral.com\/?page_id=2784","title":{"rendered":"Dicas para Gestantes"},"content":{"rendered":"\t\t<div data-elementor-type=\"wp-post\" data-elementor-id=\"2784\" class=\"elementor elementor-2784\" data-elementor-post-type=\"page\">\n\t\t\t\t<div class=\"elementor-element elementor-element-36e4911 e-flex e-con-boxed e-con e-parent\" data-id=\"36e4911\" data-element_type=\"container\" data-settings=\"{&quot;background_background&quot;:&quot;classic&quot;}\">\n\t\t\t\t\t<div class=\"e-con-inner\">\n\t\t<div class=\"elementor-element elementor-element-8d332cf e-con-full e-flex e-con e-child\" data-id=\"8d332cf\" data-element_type=\"container\">\n\t\t\t\t<div class=\"elementor-element elementor-element-4bf79de elementor-widget elementor-widget-heading\" data-id=\"4bf79de\" data-element_type=\"widget\" data-widget_type=\"heading.default\">\n\t\t\t\t<div class=\"elementor-widget-container\">\n\t\t\t\t\t<h1 class=\"elementor-heading-title elementor-size-default\">Dicas para Gestantes<\/h1>\t\t\t\t<\/div>\n\t\t\t\t<\/div>\n\t\t\t\t<\/div>\n\t\t\t\t\t<\/div>\n\t\t\t\t<\/div>\n\t\t<div class=\"elementor-element elementor-element-659cbd5 e-con-full e-flex e-con e-parent\" data-id=\"659cbd5\" data-element_type=\"container\">\n\t\t<div class=\"elementor-element elementor-element-e5bdbba e-con-full e-flex e-con e-child\" data-id=\"e5bdbba\" data-element_type=\"container\">\n\t\t\t\t<div class=\"elementor-element elementor-element-e9ef9b9 elementor-widget elementor-widget-spacer\" data-id=\"e9ef9b9\" data-element_type=\"widget\" data-widget_type=\"spacer.default\">\n\t\t\t\t<div class=\"elementor-widget-container\">\n\t\t\t\t\t\t\t<div class=\"elementor-spacer\">\n\t\t\t<div class=\"elementor-spacer-inner\"><\/div>\n\t\t<\/div>\n\t\t\t\t\t\t<\/div>\n\t\t\t\t<\/div>\n\t\t\t\t<div class=\"elementor-element elementor-element-029bea0 elementor-widget elementor-widget-image\" data-id=\"029bea0\" data-element_type=\"widget\" data-widget_type=\"image.default\">\n\t\t\t\t<div class=\"elementor-widget-container\">\n\t\t\t\t\t\t\t\t\t\t\t\t\t\t\t<img fetchpriority=\"high\" decoding=\"async\" width=\"768\" height=\"1152\" src=\"https:\/\/megaofertacentral.com\/wp-content\/uploads\/2024\/06\/MG_0901-rede-768x1152.jpg\" class=\"attachment-medium_large size-medium_large wp-image-1657\" alt=\"\" srcset=\"https:\/\/megaofertacentral.com\/wp-content\/uploads\/2024\/06\/MG_0901-rede-768x1152.jpg 768w, https:\/\/megaofertacentral.com\/wp-content\/uploads\/2024\/06\/MG_0901-rede-200x300.jpg 200w, https:\/\/megaofertacentral.com\/wp-content\/uploads\/2024\/06\/MG_0901-rede-683x1024.jpg 683w, https:\/\/megaofertacentral.com\/wp-content\/uploads\/2024\/06\/MG_0901-rede-1024x1536.jpg 1024w, https:\/\/megaofertacentral.com\/wp-content\/uploads\/2024\/06\/MG_0901-rede.jpg 1365w\" sizes=\"(max-width: 768px) 100vw, 768px\" \/>\t\t\t\t\t\t\t\t\t\t\t\t\t\t\t<\/div>\n\t\t\t\t<\/div>\n\t\t\t\t<\/div>\n\t\t<div class=\"elementor-element elementor-element-7cbb22a e-con-full e-flex e-con e-child\" data-id=\"7cbb22a\" data-element_type=\"container\">\n\t\t\t\t<div class=\"elementor-element elementor-element-5e32efe elementor-widget elementor-widget-spacer\" data-id=\"5e32efe\" data-element_type=\"widget\" data-widget_type=\"spacer.default\">\n\t\t\t\t<div class=\"elementor-widget-container\">\n\t\t\t\t\t\t\t<div class=\"elementor-spacer\">\n\t\t\t<div class=\"elementor-spacer-inner\"><\/div>\n\t\t<\/div>\n\t\t\t\t\t\t<\/div>\n\t\t\t\t<\/div>\n\t\t\t\t<div class=\"elementor-element elementor-element-60b571e elementor-widget elementor-widget-text-editor\" data-id=\"60b571e\" data-element_type=\"widget\" data-widget_type=\"text-editor.default\">\n\t\t\t\t<div class=\"elementor-widget-container\">\n\t\t\t\t\t\t\t\t\t<h4><strong>Quando devo fazer minhas fotos de gestante ?<\/strong><\/h4><p>Ap\u00f3s uma extensa pesquisa e in\u00fameras sess\u00f5es com mam\u00e3es maravilhosas, cheguei \u00e0 conclus\u00e3o de que o per\u00edodo ideal para realizar o seu ensaio fotogr\u00e1fico de gestante <em>\u00e9 entre a 27\u00aa e a 33\u00aa semana de gravidez<\/em>. Durante essas semanas, voc\u00ea estar\u00e1 em uma fase encantadora da gesta\u00e7\u00e3o.<\/p>\t\t\t\t\t\t\t\t<\/div>\n\t\t\t\t<\/div>\n\t\t\t\t<div class=\"elementor-element elementor-element-4b68ad7 elementor-widget elementor-widget-image\" data-id=\"4b68ad7\" data-element_type=\"widget\" data-widget_type=\"image.default\">\n\t\t\t\t<div class=\"elementor-widget-container\">\n\t\t\t\t\t\t\t\t\t\t\t\t\t\t\t<img decoding=\"async\" width=\"768\" height=\"512\" src=\"https:\/\/megaofertacentral.com\/wp-content\/uploads\/2024\/08\/004A9121-REDE-768x512.jpg\" class=\"attachment-medium_large size-medium_large wp-image-2633\" alt=\"\" srcset=\"https:\/\/megaofertacentral.com\/wp-content\/uploads\/2024\/08\/004A9121-REDE-768x512.jpg 768w, https:\/\/megaofertacentral.com\/wp-content\/uploads\/2024\/08\/004A9121-REDE-300x200.jpg 300w, https:\/\/megaofertacentral.com\/wp-content\/uploads\/2024\/08\/004A9121-REDE-1024x683.jpg 1024w, https:\/\/megaofertacentral.com\/wp-content\/uploads\/2024\/08\/004A9121-REDE-1536x1024.jpg 1536w, https:\/\/megaofertacentral.com\/wp-content\/uploads\/2024\/08\/004A9121-REDE.jpg 2048w\" sizes=\"(max-width: 768px) 100vw, 768px\" \/>\t\t\t\t\t\t\t\t\t\t\t\t\t\t\t<\/div>\n\t\t\t\t<\/div>\n\t\t\t\t<\/div>\n\t\t\t\t<\/div>\n\t\t<div class=\"elementor-element elementor-element-2c8902c e-con-full e-flex e-con e-parent\" data-id=\"2c8902c\" data-element_type=\"container\">\n\t\t<div class=\"elementor-element elementor-element-e24f2ab e-flex e-con-boxed e-con e-child\" data-id=\"e24f2ab\" data-element_type=\"container\">\n\t\t\t\t\t<div class=\"e-con-inner\">\n\t\t\t\t<div class=\"elementor-element elementor-element-43f6718 elementor-widget elementor-widget-text-editor\" data-id=\"43f6718\" data-element_type=\"widget\" data-widget_type=\"text-editor.default\">\n\t\t\t\t<div class=\"elementor-widget-container\">\n\t\t\t\t\t\t\t\t\t<h4><strong>Por que entre 27\u00aa e 33\u00aa semanas?<\/strong><\/h4><p>Na <em>27\u00aa semana<\/em>, a barriga j\u00e1 est\u00e1 bem arredondada e vis\u00edvel, o que proporciona um visual maravilhoso para as fotos. \u00c9 um momento em que a beleza da gravidez se destaca, e voc\u00ea poder\u00e1 mostrar com orgulho a transforma\u00e7\u00e3o do seu corpo.<\/p>\t\t\t\t\t\t\t\t<\/div>\n\t\t\t\t<\/div>\n\t\t\t\t\t<\/div>\n\t\t\t\t<\/div>\n\t\t\t\t<div class=\"elementor-element elementor-element-c6cbc16 elementor-widget-mobile__width-initial elementor-widget elementor-widget-text-editor\" data-id=\"c6cbc16\" data-element_type=\"widget\" data-widget_type=\"text-editor.default\">\n\t\t\t\t<div class=\"elementor-widget-container\">\n\t\t\t\t\t\t\t\t\t<p>Se a sua barriga ainda n\u00e3o estiver t\u00e3o evidente, n\u00e3o se preocupe. Conhe\u00e7o t\u00e9cnicas fotogr\u00e1ficas e poses que podem real\u00e7ar a barriga de forma natural e elegante, garantindo que voc\u00ea fique linda nas fotos. Al\u00e9m disso, possuo a experi\u00eancia necess\u00e1ria para capturar a beleza de cada detalhe da sua gesta\u00e7\u00e3o.<\/p>\t\t\t\t\t\t\t\t<\/div>\n\t\t\t\t<\/div>\n\t\t\t\t<div class=\"elementor-element elementor-element-a01590b elementor-widget-mobile__width-initial elementor-widget elementor-widget-text-editor\" data-id=\"a01590b\" data-element_type=\"widget\" data-widget_type=\"text-editor.default\">\n\t\t\t\t<div class=\"elementor-widget-container\">\n\t\t\t\t\t\t\t\t\t<h4><b>Quero miha barriga bem grande! mas&#8230;<\/b><\/h4><p>Optar por fazer o ensaio mais pr\u00f3ximo da 33\u00aa semana tamb\u00e9m \u00e9 uma excelente escolha. Nesta fase, o beb\u00ea est\u00e1 quase totalmente formado e ganhando peso, o que torna as fotos ainda mais especiais. No entanto, \u00e9 importante considerar que, ap\u00f3s a 33\u00aa semana, algumas mam\u00e3es podem come\u00e7ar a se sentir mais cansadas, inchadas ou desconfort\u00e1veis. Um ensaio pode se tornar extenuante e menos agrad\u00e1vel, e o tempo pode ser um fator importante para garantir que voc\u00ea se sinta \u00e0 vontade e relaxada.<\/p>\t\t\t\t\t\t\t\t<\/div>\n\t\t\t\t<\/div>\n\t\t\t\t<\/div>\n\t\t<div class=\"elementor-element elementor-element-dc4ce9f e-con-full e-flex e-con e-parent\" data-id=\"dc4ce9f\" data-element_type=\"container\">\n\t\t\t\t<div class=\"elementor-element elementor-element-8b602d9 elementor-widget elementor-widget-heading\" data-id=\"8b602d9\" data-element_type=\"widget\" data-widget_type=\"heading.default\">\n\t\t\t\t<div class=\"elementor-widget-container\">\n\t\t\t\t\t<h4 class=\"elementor-heading-title elementor-size-default\">Dicas adicionais para um ensaio perfeito:<\/h4>\t\t\t\t<\/div>\n\t\t\t\t<\/div>\n\t\t\t\t<div class=\"elementor-element elementor-element-f65ba91 elementor-widget elementor-widget-text-editor\" data-id=\"f65ba91\" data-element_type=\"widget\" data-widget_type=\"text-editor.default\">\n\t\t\t\t<div class=\"elementor-widget-container\">\n\t\t\t\t\t\t\t\t\t<p><strong>Escolha de roupas:<\/strong> Opte por roupas que valorizem sua barriga e que proporcionem conforto e que se sinta bem . Tecidos fluidos e ajust\u00e1veis s\u00e3o ideais. Vestidos longos e ajustados abaixo do busto, por exemplo, podem real\u00e7ar a forma da barriga de maneira elegante.<\/p>\t\t\t\t\t\t\t\t<\/div>\n\t\t\t\t<\/div>\n\t\t\t\t<\/div>\n\t\t<div class=\"elementor-element elementor-element-b827f57 e-con-full e-flex e-con e-parent\" data-id=\"b827f57\" data-element_type=\"container\">\n\t\t<div class=\"elementor-element elementor-element-48a3be0 e-con-full e-flex e-con e-child\" data-id=\"48a3be0\" data-element_type=\"container\">\n\t\t\t\t<div class=\"elementor-element elementor-element-8bc706c elementor-widget elementor-widget-image\" data-id=\"8bc706c\" data-element_type=\"widget\" data-widget_type=\"image.default\">\n\t\t\t\t<div class=\"elementor-widget-container\">\n\t\t\t\t\t\t\t\t\t\t\t\t\t\t\t<img decoding=\"async\" width=\"768\" height=\"1152\" src=\"https:\/\/megaofertacentral.com\/wp-content\/uploads\/2024\/09\/004A7895-rede-768x1152.jpg\" class=\"attachment-medium_large size-medium_large wp-image-2842\" alt=\"\" srcset=\"https:\/\/megaofertacentral.com\/wp-content\/uploads\/2024\/09\/004A7895-rede-768x1152.jpg 768w, https:\/\/megaofertacentral.com\/wp-content\/uploads\/2024\/09\/004A7895-rede-200x300.jpg 200w, https:\/\/megaofertacentral.com\/wp-content\/uploads\/2024\/09\/004A7895-rede-683x1024.jpg 683w, https:\/\/megaofertacentral.com\/wp-content\/uploads\/2024\/09\/004A7895-rede-1024x1536.jpg 1024w, https:\/\/megaofertacentral.com\/wp-content\/uploads\/2024\/09\/004A7895-rede.jpg 1365w\" sizes=\"(max-width: 768px) 100vw, 768px\" \/>\t\t\t\t\t\t\t\t\t\t\t\t\t\t\t<\/div>\n\t\t\t\t<\/div>\n\t\t\t\t<\/div>\n\t\t<div class=\"elementor-element elementor-element-e7b5bd9 e-con-full e-flex e-con e-child\" data-id=\"e7b5bd9\" data-element_type=\"container\">\n\t\t\t\t<div class=\"elementor-element elementor-element-512be7e elementor-widget elementor-widget-image\" data-id=\"512be7e\" data-element_type=\"widget\" data-widget_type=\"image.default\">\n\t\t\t\t<div class=\"elementor-widget-container\">\n\t\t\t\t\t\t\t\t\t\t\t\t\t\t\t<img loading=\"lazy\" decoding=\"async\" width=\"768\" height=\"1152\" src=\"https:\/\/megaofertacentral.com\/wp-content\/uploads\/2024\/09\/MG_0060-REDE-768x1152.jpg\" class=\"attachment-medium_large size-medium_large wp-image-2845\" alt=\"\" srcset=\"https:\/\/megaofertacentral.com\/wp-content\/uploads\/2024\/09\/MG_0060-REDE-768x1152.jpg 768w, https:\/\/megaofertacentral.com\/wp-content\/uploads\/2024\/09\/MG_0060-REDE-200x300.jpg 200w, https:\/\/megaofertacentral.com\/wp-content\/uploads\/2024\/09\/MG_0060-REDE-683x1024.jpg 683w, https:\/\/megaofertacentral.com\/wp-content\/uploads\/2024\/09\/MG_0060-REDE-1024x1536.jpg 1024w, https:\/\/megaofertacentral.com\/wp-content\/uploads\/2024\/09\/MG_0060-REDE.jpg 1365w\" sizes=\"(max-width: 768px) 100vw, 768px\" \/>\t\t\t\t\t\t\t\t\t\t\t\t\t\t\t<\/div>\n\t\t\t\t<\/div>\n\t\t\t\t<\/div>\n\t\t\t\t<\/div>\n\t\t<div class=\"elementor-element elementor-element-e020489 e-con-full e-flex e-con e-parent\" data-id=\"e020489\" data-element_type=\"container\">\n\t\t\t\t<div class=\"elementor-element elementor-element-32455f9 elementor-widget elementor-widget-text-editor\" data-id=\"32455f9\" data-element_type=\"widget\" data-widget_type=\"text-editor.default\">\n\t\t\t\t<div class=\"elementor-widget-container\">\n\t\t\t\t\t\t\t\t\t<h4><strong>Sess\u00f5es ao ar livre:<\/strong><\/h4><p>Considerar um ensaio ao ar livre pode adicionar um toque especial \u00e0s suas fotos. A luz natural e a beleza dos cen\u00e1rios externos escolhidos por voc\u00ea podem criar imagens incr\u00edveis e aut\u00eanticas.<\/p>\t\t\t\t\t\t\t\t<\/div>\n\t\t\t\t<\/div>\n\t\t\t\t<div class=\"elementor-element elementor-element-c46314a elementor-widget elementor-widget-text-editor\" data-id=\"c46314a\" data-element_type=\"widget\" data-widget_type=\"text-editor.default\">\n\t\t\t\t<div class=\"elementor-widget-container\">\n\t\t\t\t\t\t\t\t\t<h4><strong>Participa\u00e7\u00e3o do parceiro e irm\u00e3os:<\/strong><\/h4><p>Incluir o parceiro e os irm\u00e3os e at\u00e9 o Pet no ensaio pode tornar as fotos ainda mais memor\u00e1veis. Esses momentos em fam\u00edlia s\u00e3o preciosos e capturar a expectativa e a alegria compartilhada \u00e9 sempre emocionante.<\/p>\t\t\t\t\t\t\t\t<\/div>\n\t\t\t\t<\/div>\n\t\t\t\t<\/div>\n\t\t<div class=\"elementor-element elementor-element-0445d9e e-con-full e-flex e-con e-parent\" data-id=\"0445d9e\" data-element_type=\"container\">\n\t\t<div class=\"elementor-element elementor-element-9eb8f6b e-con-full e-flex e-con e-child\" data-id=\"9eb8f6b\" data-element_type=\"container\">\n\t\t\t\t<div class=\"elementor-element elementor-element-c001465 elementor-widget elementor-widget-image\" data-id=\"c001465\" data-element_type=\"widget\" data-widget_type=\"image.default\">\n\t\t\t\t<div class=\"elementor-widget-container\">\n\t\t\t\t\t\t\t\t\t\t\t\t\t\t\t<img loading=\"lazy\" decoding=\"async\" width=\"768\" height=\"1152\" src=\"https:\/\/megaofertacentral.com\/wp-content\/uploads\/2024\/08\/MG_1640-rede-768x1152.jpg\" class=\"attachment-medium_large size-medium_large wp-image-2699\" alt=\"\" srcset=\"https:\/\/megaofertacentral.com\/wp-content\/uploads\/2024\/08\/MG_1640-rede-768x1152.jpg 768w, https:\/\/megaofertacentral.com\/wp-content\/uploads\/2024\/08\/MG_1640-rede-200x300.jpg 200w, https:\/\/megaofertacentral.com\/wp-content\/uploads\/2024\/08\/MG_1640-rede-683x1024.jpg 683w, https:\/\/megaofertacentral.com\/wp-content\/uploads\/2024\/08\/MG_1640-rede-1024x1536.jpg 1024w, https:\/\/megaofertacentral.com\/wp-content\/uploads\/2024\/08\/MG_1640-rede.jpg 1365w\" sizes=\"(max-width: 768px) 100vw, 768px\" \/>\t\t\t\t\t\t\t\t\t\t\t\t\t\t\t<\/div>\n\t\t\t\t<\/div>\n\t\t\t\t<\/div>\n\t\t<div class=\"elementor-element elementor-element-ee7e76e e-con-full e-flex e-con e-child\" data-id=\"ee7e76e\" data-element_type=\"container\">\n\t\t\t\t<div class=\"elementor-element elementor-element-6a06da0 elementor-widget elementor-widget-image\" data-id=\"6a06da0\" data-element_type=\"widget\" data-widget_type=\"image.default\">\n\t\t\t\t<div class=\"elementor-widget-container\">\n\t\t\t\t\t\t\t\t\t\t\t\t\t\t\t<img loading=\"lazy\" decoding=\"async\" width=\"768\" height=\"1152\" src=\"https:\/\/megaofertacentral.com\/wp-content\/uploads\/2024\/08\/004A7671-rede-768x1152.jpg\" class=\"attachment-medium_large size-medium_large wp-image-2589\" alt=\"\" srcset=\"https:\/\/megaofertacentral.com\/wp-content\/uploads\/2024\/08\/004A7671-rede-768x1152.jpg 768w, https:\/\/megaofertacentral.com\/wp-content\/uploads\/2024\/08\/004A7671-rede-200x300.jpg 200w, https:\/\/megaofertacentral.com\/wp-content\/uploads\/2024\/08\/004A7671-rede-683x1024.jpg 683w, https:\/\/megaofertacentral.com\/wp-content\/uploads\/2024\/08\/004A7671-rede-1024x1536.jpg 1024w, https:\/\/megaofertacentral.com\/wp-content\/uploads\/2024\/08\/004A7671-rede.jpg 1365w\" sizes=\"(max-width: 768px) 100vw, 768px\" \/>\t\t\t\t\t\t\t\t\t\t\t\t\t\t\t<\/div>\n\t\t\t\t<\/div>\n\t\t\t\t<\/div>\n\t\t\t\t<\/div>\n\t\t<div class=\"elementor-element elementor-element-a466c57 e-con-full e-flex e-con e-parent\" data-id=\"a466c57\" data-element_type=\"container\">\n\t\t\t\t<div class=\"elementor-element elementor-element-c050e1b elementor-widget elementor-widget-text-editor\" data-id=\"c050e1b\" data-element_type=\"widget\" data-widget_type=\"text-editor.default\">\n\t\t\t\t<div class=\"elementor-widget-container\">\n\t\t\t\t\t\t\t\t\t<h4><strong>Prepara\u00e7\u00e3o e relaxamento:<\/strong><\/h4><p>Chegue ao ensaio bem descansada e relaxada. Um pouco de prepara\u00e7\u00e3o, como uma boa noite de sono e uma alimenta\u00e7\u00e3o leve, pode ajudar a garantir que voc\u00ea se sinta confort\u00e1vel e confiante durante a sess\u00e3o.<\/p>\t\t\t\t\t\t\t\t<\/div>\n\t\t\t\t<\/div>\n\t\t\t\t<\/div>\n\t\t<div class=\"elementor-element elementor-element-314e34e e-con-full e-flex e-con e-parent\" data-id=\"314e34e\" data-element_type=\"container\">\n\t\t\t\t<div class=\"elementor-element elementor-element-4d9e8f0 elementor-widget elementor-widget-heading\" data-id=\"4d9e8f0\" data-element_type=\"widget\" data-widget_type=\"heading.default\">\n\t\t\t\t<div class=\"elementor-widget-container\">\n\t\t\t\t\t<h4 class=\"elementor-heading-title elementor-size-default\">Agende seu ensaio com anteced\u00eancia<\/h4>\t\t\t\t<\/div>\n\t\t\t\t<\/div>\n\t\t\t\t<div class=\"elementor-element elementor-element-5a8d11c elementor-widget elementor-widget-text-editor\" data-id=\"5a8d11c\" data-element_type=\"widget\" data-widget_type=\"text-editor.default\">\n\t\t\t\t<div class=\"elementor-widget-container\">\n\t\t\t\t\t\t\t\t\t<p>Para garantir que voc\u00ea tenha a experi\u00eancia que deseja e obter as fotos incr\u00edveis que voc\u00ea merece, n\u00e3o deixe para a \u00faltima hora. <strong>Marque seu ensaio com anteced\u00eancia<\/strong> para <strong>escolher a melhor data<\/strong> e garantir que todos os detalhes estejam planejados com carinho.<\/p>\t\t\t\t\t\t\t\t<\/div>\n\t\t\t\t<\/div>\n\t\t\t\t<\/div>\n\t\t<div class=\"elementor-element elementor-element-c86e002 e-flex e-con-boxed e-con e-parent\" data-id=\"c86e002\" data-element_type=\"container\">\n\t\t\t\t\t<div class=\"e-con-inner\">\n\t\t\t\t<div class=\"elementor-element elementor-element-63723a0 elementor-align-center elementor-widget elementor-widget-button\" data-id=\"63723a0\" data-element_type=\"widget\" data-widget_type=\"button.default\">\n\t\t\t\t<div class=\"elementor-widget-container\">\n\t\t\t\t\t\t\t\t\t<div class=\"elementor-button-wrapper\">\n\t\t\t\t\t<a class=\"elementor-button elementor-button-link elementor-size-sm\" href=\"https:\/\/api.whatsapp.com\/send?phone=5551998222205&#038;text=Ol%C3%A1,%20vim%20do%20seu%20site%20gostaria%20de%20mais%20informa%C3%A7%C3%B5es%20sobre...\">\n\t\t\t\t\t\t<span class=\"elementor-button-content-wrapper\">\n\t\t\t\t\t\t\t\t\t<span class=\"elementor-button-text\">Solicite seu or\u00e7amento<\/span>\n\t\t\t\t\t<\/span>\n\t\t\t\t\t<\/a>\n\t\t\t\t<\/div>\n\t\t\t\t\t\t\t\t<\/div>\n\t\t\t\t<\/div>\n\t\t\t\t<div class=\"elementor-element elementor-element-b40dc7c elementor-widget elementor-widget-spacer\" data-id=\"b40dc7c\" data-element_type=\"widget\" data-widget_type=\"spacer.default\">\n\t\t\t\t<div class=\"elementor-widget-container\">\n\t\t\t\t\t\t\t<div class=\"elementor-spacer\">\n\t\t\t<div class=\"elementor-spacer-inner\"><\/div>\n\t\t<\/div>\n\t\t\t\t\t\t<\/div>\n\t\t\t\t<\/div>\n\t\t\t\t\t<\/div>\n\t\t\t\t<\/div>\n\t\t\t\t<\/div>\n\t\t","protected":false},"excerpt":{"rendered":"<p>Dicas para Gestantes Quando devo fazer minhas fotos de gestante ? Ap\u00f3s uma extensa pesquisa e in\u00fameras sess\u00f5es com mam\u00e3es [&hellip;]<\/p>\n","protected":false},"author":1,"featured_media":0,"parent":0,"menu_order":0,"comment_status":"closed","ping_status":"closed","template":"","meta":{"site-sidebar-layout":"no-sidebar","site-content-layout":"page-builder","ast-site-content-layout":"full-width-container","site-content-style":"unboxed","site-sidebar-style":"unboxed","ast-global-header-display":"","ast-banner-title-visibility":"","ast-main-header-display":"","ast-hfb-above-header-display":"","ast-hfb-below-header-display":"","ast-hfb-mobile-header-display":"","site-post-title":"disabled","ast-breadcrumbs-content":"","ast-featured-img":"disabled","footer-sml-layout":"","theme-transparent-header-meta":"enabled","adv-header-id-meta":"","stick-header-meta":"","header-above-stick-meta":"","header-main-stick-meta":"","header-below-stick-meta":"","astra-migrate-meta-layouts":"set","ast-page-background-enabled":"default","ast-page-background-meta":{"desktop":{"background-color":"var(--ast-global-color-5)","background-image":"","background-repeat":"repeat","background-position":"center center","background-size":"auto","background-attachment":"scroll","background-type":"","background-media":"","overlay-type":"","overlay-color":"","overlay-opacity":"","overlay-gradient":""},"tablet":{"background-color":"","background-image":"","background-repeat":"repeat","background-position":"center center","background-size":"auto","background-attachment":"scroll","background-type":"","background-media":"","overlay-type":"","overlay-color":"","overlay-opacity":"","overlay-gradient":""},"mobile":{"background-color":"","background-image":"","background-repeat":"repeat","background-position":"center center","background-size":"auto","background-attachment":"scroll","background-type":"","background-media":"","overlay-type":"","overlay-color":"","overlay-opacity":"","overlay-gradient":""}},"ast-content-background-meta":{"desktop":{"background-color":"var(--ast-global-color-4)","background-image":"","background-repeat":"repeat","background-position":"center center","background-size":"auto","background-attachment":"scroll","background-type":"","background-media":"","overlay-type":"","overlay-color":"","overlay-opacity":"","overlay-gradient":""},"tablet":{"background-color":"var(--ast-global-color-4)","background-image":"","background-repeat":"repeat","background-position":"center center","background-size":"auto","background-attachment":"scroll","background-type":"","background-media":"","overlay-type":"","overlay-color":"","overlay-opacity":"","overlay-gradient":""},"mobile":{"background-color":"var(--ast-global-color-4)","background-image":"","background-repeat":"repeat","background-position":"center center","background-size":"auto","background-attachment":"scroll","background-type":"","background-media":"","overlay-type":"","overlay-color":"","overlay-opacity":"","overlay-gradient":""}},"_joinchat":[],"footnotes":""},"class_list":["post-2784","page","type-page","status-publish","hentry"],"_links":{"self":[{"href":"https:\/\/megaofertacentral.com\/index.php?rest_route=\/wp\/v2\/pages\/2784","targetHints":{"allow":["GET"]}}],"collection":[{"href":"https:\/\/megaofertacentral.com\/index.php?rest_route=\/wp\/v2\/pages"}],"about":[{"href":"https:\/\/megaofertacentral.com\/index.php?rest_route=\/wp\/v2\/types\/page"}],"author":[{"embeddable":true,"href":"https:\/\/megaofertacentral.com\/index.php?rest_route=\/wp\/v2\/users\/1"}],"replies":[{"embeddable":true,"href":"https:\/\/megaofertacentral.com\/index.php?rest_route=%2Fwp%2Fv2%2Fcomments&post=2784"}],"version-history":[{"count":89,"href":"https:\/\/megaofertacentral.com\/index.php?rest_route=\/wp\/v2\/pages\/2784\/revisions"}],"predecessor-version":[{"id":3318,"href":"https:\/\/megaofertacentral.com\/index.php?rest_route=\/wp\/v2\/pages\/2784\/revisions\/3318"}],"wp:attachment":[{"href":"https:\/\/megaofertacentral.com\/index.php?rest_route=%2Fwp%2Fv2%2Fmedia&parent=2784"}],"curies":[{"name":"wp","href":"https:\/\/api.w.org\/{rel}","templated":true}]}}